(-15).
5
Let f(l) = l + 13. Let x be ((-44)/12)/11*633. Let y = x - -207. What is f(y)?
9
Let p = 2362 + -2365. Let j(d) be the first derivative of -3*d**2/2 - 3*d + 58. Give j(p).
6
Suppose 11*i - 54 = 562. Let s be 14/(-4)*i/(-49). Let x(o) be the second derivative of o**5/20 - 5*o**4/12 + o**3/2 + 2*o. Give x(s).
-4
Let x(v) be the first derivative of -v**3/3 - v**2/2 + 4*v + 7. Suppose o = 6*o + 670. Let u = -137 - o. What is x(u)?
-2
Let j(t) be the second derivative of -t**4/12 - t**3/2 - t**2/2 + 647*t. Let c(q) = 2*q + 12. Let a be c(-9). Determine j(a).
-19
Let v(s) = -10*s + 169. Let u be v(17). Let j(b) = 2*b**2 - 2*b. Let t(i) = 2*i**2 - 3*i. Let x(k) = 3*j(k) - 2*t(k). Determine x(u).
2
Let k(j) = j**3 - 3*j**2 + j + 2. Let o(p) = -p + 5. Let q be o(5). Let l be (-12)/10*120/(-72). Suppose u - 2*u - 5*z + l = q, -3*z = 0. Determine k(u).
0
Let o = -9808 - -9809. Let w(a) = 2*a**3 - 13*a**3 - 5*a**3 + 0*a**2 + a**2. Give w(o).
-15
Suppose 85 = 5*u - 5*v, 2*u - 4*v = -3*u + 80. Suppose -2*t = 4*j + u, 11 + 1 = -3*t - 3*j. Let a(k) = 2*k - 12 + 3*k**2 + 12 + k**3. Give a(t).
0
Let p(v) be the second derivative of 2*v**3 - 222*v**2 + 132*v - 2. Calculate p(36).
-12
Let a(v) = 2*v**2 + 1. Let k(d) = d**2 - 3*d - 5. Let m be k(4). Let n be a(m). Let p(t) = t**2 - 2 - 1 + 582*t + 1 - t**3 - 577*t. Give p(n).
-5
Suppose -h + 27 = -u, -14*h + 9*h + 135 = 5*u. Suppose 22*j - 31*j = -h. Let z(f) = f**2 + f - 5. What is z(j)?
7
Let d(w) = 2*w**3 + 20*w**2 + 16*w + 13. Let u be d(-10). Let s = -149 - u. Let a(t) = t**2 + 3*t + 3. Calculate a(s).
1
Suppose -5*d = -4*t + 83, d + 3*t - 65 = 5*d. Let a(c) = -7*c - 68. Give a(d).
9
Let d(u) = -4674*u - 3 + 2 + 4674*u - 2*u**2 - u**3. Let i be d(-3). Let q(x) = -x**3 + 7*x**2 + 8*x + 6. Calculate q(i).
6
Let x(k) = 7*k**3 - 27*k**2 - 72*k + 2. Let n(r) = 3*r**3 - 13*r**2 - 31*r. Let d(o) = -5*n(o) + 2*x(o). What is d(12)?
-8
Let u(o) = -o**3 + 15*o**2 - 10*o - 69. Let r be u(14). Let z(n) = -4*n - 32. What is z(r)?
20
Let o(q) be the second derivative of q**4/12 + 5*q**3/6 + 3*q**2 + q. Suppose -2 = -2*z + 2. Suppose 2*i - 12 = -i, -5*i + 30 = -z*g. Calculate o(g).
6
Let s(h) be the first derivative of -h**2 + 5*h - 550. What is s(2)?
1
Let p(z) = 34*z**3 + 1 + 14*z - 4 - 35*z**3 + 5 + 3. Give p(-3).
-10
Let s(q) = 2*q**2 + 20*q - 388. Let w be s(-20). Let b(i) = i**3 - 8*i**2 - 47*i - 8. Calculate b(w).
4
Let x(d) = -2*d - 552 + 0*d + 550 + 0*d. Give x(-11).
20
Let z(p) be the first derivative of -p**2 - 8/3*p**3 + 10*p + 1/4*p**4 + 75. Give z(8).
-6
Let b be (81/(-4))/((-23)/92). Suppose 78*a - b*a + 12 = 0. Let v(i) = -7*i - a + 9 - 2. Give v(2).
-11
Let j be 32/144 + 4/18*8. Let u be 3*(2 - j/6). Let v(q) = -u*q**2 + 5*q + q**3 - 3 + 2 - 2. Determine v(3).
-6
Let p(h) = -h**2 - 5*h - 3. Let f(k) = 258*k - 3 - 258*k - k**3 - 2*k**2. Let d be f(-3). Let b be 5/(15/d) - 4. Give p(b).
3
Let y(r) = -r + 11. Let l be y(8). Let a(m) = 12920*m**3 - 6459*m**3 - 4 + 3*m - 4*m**2 - 6462*m**3 + 3*m**2. Give a(l).
-31
Let q(v) be the second derivative of v**4/12 + v**2/2 - 7*v + 28. Let x = 2 + -1. Let t(j) = -15*j**2 - 7. Let y(b) = x*t(b) + 6*q(b). Determine y(-1).
-10
Let k(j) be the third derivative of -1/24*j**4 + 15*j**2 + 0*j + 0 + 3/2*j**3. Determine k(12).
-3
Let z be ((-2)/(7 + 1))/(5550/100 + -57). Let t(l) be the second derivative of -z*l**3 - 5*l**2 + 0 - 10*l. Determine t(-9).
-1
Let m(i) = 145*i + 593. Suppose 3*c = 5*d - 4, 7*d - 4*c - 36 = 8*d. Calculate m(d).
13
Let z be ((-45)/(-12))/((-327)/2616). Let u(l) = 2*l**2 + 56*l - 123. Determine u(z).
-3
Let i = -136 - -113. Let a = 136 + i. Let r = a + -108. Let v(y) = y**2 - 3*y - 2. What is v(r)?
8
Let b(q) = q + 1. Let a(u) = -u - 2. Let p(k) = 2*a(k) + 3*b(k). Let m(r) = -r**3 - 7*r**2 + 18*r + 147. Let g be m(-5). Determine p(g).
6
Let f(h) = -h**2 + h - 7. Let a(y) = y**3 - y**2 - 7*y + 14. Let b(p) = -a(p) - 2*f(p). Let i = 6 + -2. Determine b(i).
4
Let c(l) be the third derivative of 0*l**3 - 8*l**2 + 0 + 0*l - 1/60*l**5 - 1/180*l**6 - 35/24*l**4. Let y(v) be the second derivative of c(v). Calculate y(-4).
14
Let w(h) be the second derivative of 5*h + 12 + 0*h**2 - 11/6*h**3. What is w(-3)?
33
Let a(x) = 23*x - 23. Let s be a(1). Let d(i) = -4*i**2 - 4*i - 1. Determine d(s).
-1
Let i(y) be the second derivative of 0 + 2*y - 2*y**2 - 1/2*y**3. Suppose 851 + 280 = -330*k - 189. Determine i(k).
8
Let j(c) = -c + 7. Let n = -1272 + 1276. Give j(n).
3
Let h(s) be the third derivative of s**6/120 - s**5/10 - 13*s**4/24 + 5*s**3/3 - 20*s**2 - 3. Calculate h(8).
34
Let p(z) = -5*z - 196. Let t(r) = -r - 55. Let d(i) = p(i) - 3*t(i). Calculate d(9).
-49
Let k(z) = 8 + 150*z - 157*z - 33 - 5. Let b(f) = 29*f + 119. Let h(o) = 2*b(o) + 9*k(o). Let g be h(-5). Let s(y) = -y**3 - 6*y**2 + 7*y - 9. Calculate s(g).
-9
Let a(v) = -v**2 - 15*v - 5. Let p be a(-5). Let s(q) = -21 - 2*q + p - 24 + q**2. Give s(0).
0
Let y(c) be the first derivative of -11*c**2 - 17*c + 6030. What is y(0)?
-17
Suppose 10*j - 24 = -2*j. Suppose 0 = 2*h - j*i - 2, -i + 0*i = h - 3. Let k(g) = -g + 8 - h*g + 3*g + g. Determine k(-7).
1
Let p(q) be the third derivative of q**5/60 + 11*q**4/24 + 5*q**3/3 - q**2 - 425*q. What is p(-11)?
10
Suppose 0 = 7*d - 2431 + 2424. Let j(w) = 2*w**3 + 4*w - 3. Give j(d).
3
Let i(r) = 16*r - 19. Let g(p) = -45*p + 58. Let m(s) = -6*g(s) - 17*i(s). Let v be (0/(10/(-1)))/(-1). What is m(v)?
-25
Let z = 150 - -18. Let h = z + -171. Let c(r) = -r**2 + r - 4. What is c(h)?
-16
Let k(w) be the second derivative of 3*w**3/2 - 5*w**2 + 3855*w. What is k(4)?
26
Let m(v) = 7*v**2 + 2*v + 1. Suppose 2*w + 5*i + 5 = 0, 5*w + 8*i + 20 = 3*i. Let t = -5 - -9. Let f = w + t. Determine m(f).
6
Let q(p) = p**2 - p + 7. Let l be q(-2). Suppose 24 = 3*i - 2*y - y, 0 = 2*i - 5*y - l. Let f(m) = m**3 - 10*m**2 + 11*m + 7. What is f(i)?
25
Let s(l) be the second derivative of -30*l + 3/2*l**2 + 0 + 1/3*l**3. Calculate s(-4).
-5
Let m(i) be the second derivative of -i**5/20 + 3*i**4/4 + 13*i**3/6 - 9*i**2 - i - 77. What is m(10)?
12
Let t be 1/(-1) + -2 - (12 - 16). Suppose 0*m = 5*m - 20. Let f(u) = u + 8*u**3 - 1 - 3*u**2 + m*u**2 + 0*u**2. Determine f(t).
9
Let r(y) = y**2 - y - 2. Let b(p) = p**3 + 5*p**2 - 6*p - 2. Let f be b(-6). Let x(c) = c**2 + 1. Let a(g) = f*x(g) + r(g). Determine a(-3).
-10
Let s(g) = 16*g - 46*g**3 + 12*g**3 - 19 - 38*g**2 + 75*g**3. Let v(j) = -13*j**3 + 12*j**2 - 5*j + 6. Let u(n) = -6*s(n) - 19*v(n). What is u(-2)?
-6
Let r(k) be the second derivative of -3*k**5/10 - k**4/12 - k**3/3 - k**2/2 - 4532*k. Give r(-2).
47
Suppose 23*o = -74*o + 485. Let m(p) be the first derivative of p**2/2 + p - 3. Determine m(o).
6
Suppose -13*y - 22 = -126. Suppose 4 + 8 = 4*p. Suppose 5*h + 10 = -p*t + y*t, 2*t - 5 = h. Let z(i) = 6*i**3 + i**2 - 2*i + 1. What is z(h)?
6
Let f be -8*1*(-6)/96*4. Let m(x) = -221*x**2 + 106*x**2 + 107*x**f. Suppose -2 + 3 = 2*r + q, 4*q + 9 = 5*r. Calculate m(r).
-8
Let s = 55 - 220. Let w be s/(-22) - (-2)/(-4). Let l(t) = t**3 - 7*t**2 + t - 5. Calculate l(w).
2
Suppose 24*u = 82 - 130. Let i(b) = -2*b**3 + 2*b**2 + 3*b + 9. What is i(u)?
27
Suppose -4*a + 46 = 3*s, 5*a + 3*s - 7*s = 73. Let k(c) = 278*c**3 - 558*c**3 - 16 + 281*c**3 + a*c**2 + 10*c. What is k(-12)?
8
Suppose 0 = 31*d + 16*d + 92 + 49. Let h(v) = -v**2 + 49*v + 154. Give h(d).
-2
Suppose 0 = 16*r + 177*r + 1737. Let h(q) = -2*q**2 - 16*q + 6. Give h(r).
-12
Let j(z) = 7*z**3 + 20*z**2 - 55*z - 33. Let a(f) = -f**3 + 9*f + 1. Let x(i) = 6*a(i) + j(i). What is x(-20)?
-7
Let r be (-1)/14*96 - 1/7. Let l be (r + 13)/(12/(-8)). Let k(s) = s**2 + 5*s + 4. Calculate k(l).
0
Let n(m) = 12*m + 38. Let u(y) = -304*y + 604. Let l be u(2). Calculate n(l).
-10
Let g(x) = -3*x + 5. Suppose -l - 27 + 200 = 0. Let j = 177 - l. Give g(j).
-7
Let p(x) = -2*x**2 - 4*x + 3. Let r = 15 + -9. Let k(f) = 3*f**2 + 5*f - 4. Let v(t) = r*p(t) + 5*k(t). Let m(j) be the first derivative of v(j). Give m(-2).
-11
Let r(c) = 22*c**2 - c + 4. Let s(i) = -49*i**2 + 4*i - 9. Let z(m) = 9*r(m) + 4*s(m). Calculate z(-4).
4
Let v(j) = -4*j**2 - 229*j - 50. Let n be 3/(-18) - (-3 + 1 + 353/6). Determine v(n).
7
Let n = 512 - 1535/3. Let o(y) be the first derivative of -n*y**3 - 